69137
In base 6, what is 43450450 - -5?
43450455
In base 6, what is 22121301 - -51?
22121352
In base 5, what is -2334200040 + 333?
-2334144202
In base 15, what is -117 + -1bb3?
-1cca
In base 4, what is -232002112130 - -1?
-232002112123
In base 14, what is -1d254ba - -53?
-1d25467
In base 9, what is -2726 + 2353?
-363
In base 16, what is -5d7 + -2257?
-282e
In base 6, what is -154101 + -2404?
-200505
In base 13, what is -445 - -9a43?
95cb
In base 14, what is -9613712 - 4?
-9613716
In base 15, what is 6ec7e9 - -4?
6ec7ed
In base 14, what is 102 + -a4161?
-a405d
In base 13, what is 19 - -13c69?
13c85
In base 3, what is -100 + -1110122000200010?
-1110122000200110
In base 14, what is -16622 + -55?
-16677
In base 2, what is 111011 + -101010001100001010101111?
-101010001100001001110100
In base 2, what is -10101001100100110110010 + 101?
-10101001100100110101101
In base 6, what is 2311 - -2112543?
2115254
In base 5, what is 442 - 2411142?
-2410200
In base 15, what is -40 - 1b4a7?
-1b4e7
In base 5, what is -34 + -312223222?
-312223311
In base 13, what is b7479a + -118?
b74682
In base 6, what is -53112450 - 41?
-53112531
In base 9, what is 14564 - -7378?
23053
In base 15, what is 7b4 + -1774?
-eb0
In base 2, what is -1001000 + 1010110101111010111?
1010110101110001111
In base 6, what is 4 + -4133250305?
-4133250301
In base 5, what is -12144044 + 10?
-12144034
In base 9, what is 632 + 136650?
137382
In base 12, what is 42a4317b - 0?
42a4317b
In base 2, what is 0 - 11000100000011010011011011?
-11000100000011010011011011
In base 7, what is 50434 + 1461?
52225
In base 16, what is 6 - 2e5595b?
-2e55955
In base 5, what is 1004123213 - 102?
1004123111
In base 16, what is -13e3 - -19be?
5db
In base 11, what is 631450 + -385?
631076
In base 14, what is 10a468 - -578?
10aa02
In base 14, what is -4 - 72358cc?
-72358d2
In base 6, what is -5 - -1120541555?
1120541550
In base 15, what is 2 - -45d6ad6?
45d6ad8
In base 10, what is 6 + 1124663?
1124669
In base 13, what is 5b4b + -16a2?
4479
In base 10, what is 41647614 + -2?
41647612
In base 3, what is 11020 + -120210201?
-120122111
In base 12, what is 1 - -2038149a?
2038149b
In base 8, what is -256642363 + -12?
-256642375
In base 10, what is 0 - 2643850?
-2643850
In base 13, what is -318058 - -3?
-318055
In base 16, what is 1572 + -3b?
1537
In base 12, what is 12ba2121 + 0?
12ba2121
In base 2, what is 101 - -1001110000011101011110111?
1001110000011101011111100
In base 3, what is 110 - 100011022112100?
-100011022111220
In base 5, what is 131203003 + -1?
131203002
In base 7, what is -6463 - -506063?
466300
In base 14, what is 11 - 2500186?
-2500175
In base 8, what is -2502756 + 6?
-2502750
In base 16, what is -cd7d55 + 4?
-cd7d51
In base 5, what is -203430232 - 142?
-203430424
In base 2, what is -1 - 1001111000110000011101?
-1001111000110000011110
In base 15, what is -10 - -13c8729?
13c8719
In base 7, what is 1020 - -122013?
123033
In base 5, what is 1 - -233131030114?
233131030120
In base 11, what is -7a45 + -7021?
-13a66
In base 11, what is -822210342 - 5?
-822210347
In base 7, what is -4035 - -36152?
32114
In base 11, what is 14916721 + -13?
14916709
In base 3, what is 100 + 1220110112221202?
1220110112222002
In base 8, what is -111 + -461042?
-461153
In base 14, what is 36 + 83863?
83899
In base 15, what is b30ee0 + -5?
b30eda
In base 16, what is 4bd313 - 0?
4bd313
In base 8, what is 240 - -42070?
42330
In base 6, what is -11012 + 3535?
-3033
In base 9, what is 55 - 5801712?
-5801646
In base 11, what is 17562a3 + 23?
1756316
In base 5, what is 241 - 2013013123?
-2013012332
In base 16, what is -8 - -12c2b54?
12c2b4c
In base 5, what is 4102413 - 1320?
4101043
In base 16, what is 4 - -1d626d?
1d6271
In base 13, what is -32 + -1c71416?
-1c71448
In base 10, what is 11 - -1997762?
1997773
In base 16, what is 1f122c - 1?
1f122b
In base 12, what is 9340 - -149?
9489
In base 15, what is -aa7ecb1 + -7?
-aa7ecb8
In base 9, what is -18224 + -1121?
-20345
In base 3, what is -210101012122010 - -2010?
-210101012120000
In base 8, what is 1 + -12630753?
-12630752
In base 15, what is -2 - -15d4b0?
15d4ad
In base 15, what is 39c2 + -42a?
3597
In base 14, what is -58963 + 21?
-58942
In base 4, what is 20312 + 1103133?
1130111
In base 2, what is 101 - -1010001010001111100101?
1010001010001111101010
In base 3, what is -102 - 11220001111010012?
-11220001111010121
In base 2, what is -10100011 + 10111111010110101?
10111111000010010
In base 6, what is -12434430 - -21?
-12434405
In base 15, what is 1e9 + 23bde9?
23c0e3
In base 10, what is 7539835 + 3?
7539838
In base 14, what is c636 + 7bd?
d015
In base 6, what is 11021341 - 1110?
11020231
In base 13, what is 43cba9 + -7b?
43cb2b
In base 8, what is -12 + -3574250?
-3574262
In base 6, what is -24442455034 - -1?
-24442455033
In base 7, what is 5 + 104166114?
104166122
In base 11, what is -1 - -4957817?
4957816
In base 14, what is 5d227 - 6?
5d221
In base 13, what is 4 - 7a3112?
-7a310b
In base 6, what is -321205 + -502?
-322111
In base 14, what is 134 - -5d8d53?
5d9087
In base 6, what is -1055214 + 30251?
-1024523
In base 16, what is 36a69 + -9b?
369ce
In base 7, what is -3404 - 15335?
-22042
In base 2, what is 10110011011100000110110 + 11110?
10110011011100001010100
In base 5, what is -4222004143 - 4?
-4222004202
In base 2, what is -100011111 + 11000100100010?
11000000000011
In base 13, what is -1a5a - 658?
-23b5
In base 10, what is 71010 + -5541?
65469
In base 6, what is 2131 + 11021542?
11024113
In base 7, what is -1 + -56046233?
-56046234
In base 12, what is 125 - -64?
189
In base 5, what is 2243 - -2034041?
2041334
In base 7, what is -5 + 20223512?
20223504
In base 8, what is 0 - 256173173?
-256173173
In base 12, what is 4997 + -388?
460b
In base 15, what is -5 + 2cee81?
2cee7b
In base 4, what is 1131031032 + 3?
1131031101
In base 10, what is -1444813 + -161?
-1444974
In base 12, what is -2aa235 + -50?
-2aa285
In base 6, what is 31 - 10512310450?
-10512310415
In base 7, what is -1 + -3350631266?
-3350631300
In base 8, what is -1565155 - 6?
-1565163
In base 8, what is 1035316130 - 4?
1035316124
In base 4, what is 3003 + -2033230?
-2030221
In base 13, what is -7528 + -45555?
-4ca80
In base 7, what is 14225435 + -63?
14225342
In base 5, what is 20331313 + 2433?
20334301
In base 9, what is -4648 - 176287?
-182046
In base 4, what is 2111 + 21221232?
21230003
In base 5, what is -14033014444 - 1?
-14033020000
In base 10, what is 96 + -38436?
-38340
In base 13, what is 40 - -2b3875?
2b38b5
In base 3, what is 1110000012022211 + 21?
1110000012100002
In base 4, what is 31330020 - -33?
31330113
In base 15, what is -19 + -3a0ab9?
-3a0ad3
In base 4, what is 11 + 1101013110213?
1101013110230
In base 12, what is -45807 + 22b?
-45598
In base 14, what is -489c + -19b?
-4a59
In base 4, what is 2 + -303031032002?
-303031032000
In base 10, what is 4 - -662447?
662451
In base 16, what is 8260b31 + 4?
8260b35
In base 16, what is beaa37 - -2?
beaa39
In base 11, what is -566966 + -5?
-566970
In base 15, what is 14 - 4093ee0?
-4093ecb
In base 4, what is 300223 - 113121?
121102
In base 3, what is 1221122001 - 10101212?
1211020012
In base 2, what is 10001000111001111010011110 - 0?
10001000111001111010011110
In base 10, what is 3 - 8537413?
-8537410
In base 16, what is 1 - -3b9d23?
3b9d24
In base 4, what is 1 - -103302121023?
103302121030
In base 6, what is 255 + -323411?
-323112
In base 14, what is -4da4793 - -1?
-4da4792
In base 4, what is 1311121 - -23010?
2000131
In base 13, what is 10 + -b63987?
-b63977
In base 9, what is -2314273 - -376?
-2313786
In base 8, what is 3 - 26570124?
-26570121
In base 16, what is 658f7f + -37?
658f48
In base 5, what is -2 + -424314314?
-424314321
In base 5, what is 2 + -423322340?
-423322333
In base 2, what is -110001010110100111100000010 - 1?
-110001010110100111100000011
In base 14, what is 1 + ab8d19?
ab8d1a
In base 12, what is 2b803b - -9?
2b8048
In base 3, what is -100112 - -11110201201?
11110101012
In base 15, what is -6e296 + -19?
-6e2b0
In base 9, what is 14067 - -1103?
15171
In base 2, what is 10100101110100 + -10100100001?
10010001010011
In base 10, what is 142 - 1535321?
-1535179
In base 2, what is -1100001101000 - 1101110100?
-1101111011100
In base 2, what is 11010110 - 